335733
In base 10, what is 9679814 - -15?
9679829
In base 10, what is 10686 - -226?
10912
In base 5, what is -3110023413 - -2?
-3110023411
In base 12, what is 1 + -b687?
-b686
In base 16, what is -18978c - 0?
-18978c
In base 14, what is 2ca - 2b86?
-289a
In base 4, what is 323010 + -301211?
21133
In base 14, what is 3c - 572c?
-56d0
In base 13, what is 2 + 38143c9?
38143cb
In base 12, what is 0 + -53a2804?
-53a2804
In base 8, what is -3 - -21067022?
21067017
In base 7, what is -3 - -2126014625?
2126014622
In base 7, what is -665334240 - 5?
-665334245
In base 4, what is 101030 - 333213022?
-333111332
In base 5, what is -142103304400 + -4?
-142103304404
In base 13, what is 5 - -75a283?
75a288
In base 14, what is -5355 + -19b9?
-6d30
In base 2, what is -1001000001001001000110110001 - -11?
-1001000001001001000110101110
In base 13, what is -40 - 31b2b1?
-31b321
In base 14, what is 23612c6 + -6b?
2361259
In base 7, what is -13 + -2055546?
-2055562
In base 13, what is 16ac - 97?
1615
In base 9, what is -702 - -467107?
466305
In base 13, what is -4 - -1b1750?
1b1749
In base 16, what is b3c05de - 4?
b3c05da
In base 15, what is 23e60 + -913?
2354c
In base 8, what is -15464337 + -54?
-15464413
In base 11, what is 5 - 3114981?
-3114977
In base 11, what is 21 - -421847?
421868
In base 12, what is 22766a5 + 26?
227670b
In base 8, what is -11004 + -216026?
-227032
In base 16, what is 1df - 1f2f?
-1d50
In base 12, what is -4475ab - -1?
-4475aa
In base 6, what is 2 - 5552353031?
-5552353025
In base 13, what is 1 - 31272bbb?
-31272bba
In base 13, what is -5 - -2b2c764?
2b2c75c
In base 3, what is 100112112101001111 + 22?
100112112101001210
In base 6, what is 3 + -1024542545?
-1024542542
In base 11, what is 6957a437 + 3?
6957a43a
In base 5, what is 141 - -1004241102?
1004241243
In base 15, what is 70860b78 + 5?
70860b7d
In base 5, what is 121400024023 - 20?
121400024003
In base 3, what is -1001 + 101021111220111?
101021111212110
In base 9, what is -2524352 - 12?
-2524364
In base 7, what is -41 + 116214423?
116214352
In base 8, what is 1111 + -15431?
-14320
In base 13, what is -8 - 174a3?
-174ab
In base 7, what is 635 + -4466504?
-4465536
In base 15, what is 20562 - -7e8?
20d5a
In base 15, what is -4e - -18807?
187a8
In base 2, what is -111100001011010100111 + -101110010?
-111100001100000011001
In base 11, what is -76a63 + -318?
-77280
In base 10, what is 74 - 796341?
-796267
In base 15, what is 85 - 32da6c?
-32d9d7
In base 7, what is 1314306 - 331?
1313645
In base 9, what is 3 + -3118370?
-3118366
In base 3, what is 100221120102001 - 201?
100221120101100
In base 9, what is 4858105 + 173?
4858278
In base 13, what is 132a - 76653?
-75326
In base 11, what is -287 + -86a372?
-86a649
In base 4, what is 131322031320 - 0?
131322031320
In base 11, what is -47148 - 23?
-47170
In base 4, what is 322330112 - 100?
322330012
In base 7, what is 1 + -152053000?
-152052666
In base 11, what is 176138 + -434?
175804
In base 5, what is -1102 + 3240144?
3234042
In base 15, what is 5 + -375e02?
-375dec
In base 6, what is 3 - -1020223201?
1020223204
In base 3, what is -11010 + 1011122011221?
1011122000211
In base 2, what is 111001011011 + -100101011001?
10100000010
In base 16, what is -439 - -b7f?
746
In base 6, what is 33045351 + 153?
33045544
In base 9, what is 1 - 1201884?
-1201883
In base 2, what is -101 + -111010000011111100011001?
-111010000011111100011110
In base 15, what is 134ed - -6?
13504
In base 15, what is -1d2b - -406c?
2241
In base 2, what is -101 - -100001000111000100?
100001000110111111
In base 12, what is 138 + -72a97?
-7295b
In base 15, what is 7c5cd - 3cc?
7c201
In base 12, what is 7 + 69358b5?
6935900
In base 16, what is 304 + -33d?
-39
In base 12, what is 3 - -72219b?
7221a2
In base 8, what is 1 - 13566467?
-13566466
In base 6, what is 2205 - 553245?
-551040
In base 6, what is -4221040030 + 5?
-4221040021
In base 7, what is -13416324 + -5?
-13416332
In base 3, what is 1022111102001001222 - -11?
1022111102001002010
In base 6, what is -20 + -532332?
-532352
In base 13, what is 33 + 44696?
446c9
In base 12, what is 5 + -b4397?
-b4392
In base 8, what is -67567735 + 1?
-67567734
In base 6, what is 13212532 - -1532?
13214504
In base 12, what is 139358a - 5?
1393585
In base 2, what is 1110111011 + 1001110001000101?
1010000000000000
In base 10, what is -400839904 + 4?
-400839900
In base 9, what is -3454 + 5527?
2063
In base 10, what is -8075080 - 52?
-8075132
In base 12, what is -3 - -285744?
285741
In base 13, what is 21880b + -4?
218807
In base 10, what is 950465 - 10?
950455
In base 15, what is 3de38c - c?
3de380
In base 2, what is -10001101111111101110010 + -11?
-10001101111111101110101
In base 3, what is 2101122 - -210010021?
212111220
In base 11, what is -4981 + 2801?
-2180
In base 6, what is -10015513441 - 4?
-10015513445
In base 7, what is 150454431 - 100?
150454331
In base 12, what is -1887 - -5009?
3342
In base 14, what is -555d2c - 5?
-555d33
In base 13, what is 12bb + -356b3?
-343c5
In base 5, what is -12 - 223222424?
-223222441
In base 10, what is -4 - 130522009?
-130522013
In base 11, what is -12736 + -563a?
-18275
In base 5, what is 11 - 144233014?
-144233003
In base 3, what is -10100222012 + -12112100?
-10120111112
In base 12, what is -1b15 + 3b?
-1a96
In base 14, what is -2471 + 17051?
149c0
In base 13, what is -32c3b3 - -a?
-32c3a6
In base 5, what is 400130020 - 20?
400130000
In base 15, what is -1b - a18da?
-a1906
In base 16, what is -1 - -6bc0656?
6bc0655
In base 11, what is 26309 + 32a4?
29602
In base 5, what is -1 + -2312122201?
-2312122202
In base 14, what is -2924850 + -3?
-2924853
In base 16, what is -25d7cd24 - 3?
-25d7cd27
In base 10, what is -14314454 - 2?
-14314456
In base 4, what is -132020002 - -131201?
-131222201
In base 9, what is -2 + -6877136?
-6877138
In base 7, what is -340546326 - 2?
-340546331
In base 6, what is -10 + 243005051?
243005041
In base 2, what is -10111101111 + -110110010100010?
-111001010010001
In base 4, what is -1113 + -31002320?
-31010033
In base 9, what is 6808 - -15310?
23218
In base 2, what is 10 - -1011011100010110000000011?
1011011100010110000000101
In base 3, what is 20211221222202 + 0?
20211221222202
In base 11, what is 29298967 + -2?
29298965
In base 6, what is -430102410 + -21?
-430102431
In base 9, what is -217683526 - 0?
-217683526
In base 5, what is -112143014 + -4?
-112143023
In base 14, what is 194c + -2916?
-da8
In base 15, what is -3 - 5c4d0a0?
-5c4d0a3
In base 6, what is -53501 - 4203?
-102104
In base 3, what is 10002212012020002 - -11?
10002212012020020
In base 11, what is 209 + -133181?
-132a73
In base 15, what is 5 + d24995?
d2499a
In base 8, what is 1 + 71534034?
71534035
In base 8, what is -231630 - -565?
-231043
In base 10, what is 15010839 + -1?
15010838
In base 4, what is 12331100 + 10032330?
23030030
In base 2, what is -10101010110100110010 - 101000011?
-10101010111001110101
In base 16, what is 1d888e + -3?
1d888b
In base 3, what is -12 + 1120011012122?
1120011012110
In base 2, what is -11101000 - -1101010000010101000?
1101001111111000000
In base 7, what is 1524563 + -5?
1524555
In base 5, what is 3102212341 - 0?
3102212341
In base 10, what is -9084890 + -7?
-9084897
In base 15, what is -c231 - -1c2?
-c05e
In base 2, what is 100110010100110110011 + -1000?
100110010100110101011
In base 15, what is -1ce - -4ce?
300
In base 15, what is 4 + 93bb8?
93bbc
In base 16, what is -15358 + ee?
-1526a
In base 2, what is -110010001111 + -11100000110001?
-100010011000000
In base 14, what is 289 - 59617?
-5936c
In base 3, what is 10111000 - 210012011?
-122201011
In base 6, what is 21 - 20052130?
-20052105
In base 9, what is 8 - -181523167?
181523176
In base 5, what is 0 - 310043143?
-310043143
In base 7, what is 4 + -140252325?
-140252321
In base 6, what is -103 + -15224335?
-15224442
In base 12, what is -139b33 + bb?
-139a34
In base 15, what is 2e69 + -4662?
-16e8
In base 14, what is -72ac - -1d55?
-5357
In base 14, what is 4506b - 49?
45022
In base 15, what is -12e - -3124?
2ee5
In base 13, what is 3b4a41 + 3?
3b4a44
In base 2, what is 100100100111100101010 - 1?
100100100111100101001
In base 13, what is -a8613 - -5?
-a860b
In base 14, what is -1567bd - -1?
-1567bc
In base 9, what is 51 - 82787?
-82736